{"id":235,"date":"2013-02-01T16:54:25","date_gmt":"2013-02-01T07:54:25","guid":{"rendered":"http:\/\/ituaj.jp\/?page_id=235"},"modified":"2026-03-10T14:46:03","modified_gmt":"2026-03-10T05:46:03","slug":"itu-d-study-group-%e8%ad%b0%e9%95%b7%e5%89%af%e8%ad%b0%e9%95%b7","status":"publish","type":"page","link":"https:\/\/ituaj.jp\/?page_id=235","title":{"rendered":"ITU-D Study Group\uff0fTDAG \u8b70\u9577\u30fb\u526f\u8b70\u9577"},"content":{"rendered":"<p><strong><span style=\"font-size: 20px;\">(2026\u5e74\uff5e2029\u5e74\u7814\u7a76\u4f1a\u671f)<\/span><\/strong><\/p>\n<p><span style=\"font-size: 20px;\"><strong>Study Group 1\uff1aUniversal meaningful connectivity for bridging the digital divide\uff3b\u30c7\u30b8\u30bf\u30eb\u683c\u5dee\u89e3\u6d88\u306e\u305f\u3081\u306e\u666e\u904d\u7684\u63a5\u7d9a\u6027\uff3d<\/strong><\/span><\/p>\n<p><strong><span style=\"font-size: 18px;\">Chair<\/span><\/strong><\/p>\n<p style=\"padding-left: 40px;\">Roberto Mitsuake Hirayama (Brazil)<\/p>\n<p><strong><span style=\"font-size: 18px;\">Vice-Chairs<\/span><\/strong><\/p>\n<p style=\"padding-left: 40px;\">Hadiza Kachallah (Nigeria)<br \/>\nMalick Ndiaye (Senegal)<br \/>\nFrancisco Antonio Casaccia Torres (Paraguay)<br \/>\nAbdelwaheb Galizra (Algeria)<br \/>\nAli Rasheed Hamad Al-Hamad (Kuwait)<br \/>\nWesam Sedik (Egypt)<br \/>\n<strong><span style=\"color: #0000ff;\">\u5927\u69fb \u82bd\u7f8e\u5b50 (NTT\u30c9\u30b3\u30e2)<\/span><\/strong><br \/>\nDao Ngoc Tuyen (Viet Nam)<\/p>\n<p><span style=\"font-size: 20px;\"><strong>Study Group 2\uff1aDigital transformation\uff3b\u30c7\u30b8\u30bf\u30eb\u30c8\u30e9\u30f3\u30b9\u30d5\u30a9\u30fc\u30e1\u30fc\u30b7\u30e7\u30f3\uff3d<br \/>\n<\/strong><\/span><\/p>\n<p><strong><span style=\"font-size: 18px;\">Chair<\/span><\/strong><\/p>\n<p style=\"padding-left: 40px;\">Fadel Digham (Egypt)<\/p>\n<p><span style=\"font-size: 18px;\"><strong>Vice-Chairs<\/strong><\/span><\/p>\n<p style=\"padding-left: 40px;\">Abdelaziz Alzarooni (United Arab Emirates)<br \/>\nImelda Salum Banali (United Republic of Tanzania)<br \/>\n<span style=\"color: #0000ff;\"><strong>\u4eca\u4e2d \u79c0\u90ce<\/strong> <strong>(NICT)<\/strong><\/span><br \/>\nSandeep Kumar Gupta (India)<br \/>\nThomas Luti (Kenya)<br \/>\nMarcien Mackaya (Gabon)<br \/>\nV\u00edctor Antonio Mart\u00ednez S\u00e1nchez (Paraguay)<br \/>\nMohamed Lamine Minthe (Guinea)<br \/>\nLidia Stepinska-Ustasiak (Poland)<br \/>\nFifatin Carrelle Lucrece Toho (Benin)<br \/>\nTongning Wu (China)<br \/>\nMaha Ziad Yousef Mouasher (Jordan)<br \/>\nJavokhir Aripov (Uzbekistan)<br \/>\nUliana Stoliarova (Russian Federation)<\/p>\n<p><span style=\"font-size: 20px;\"><strong>TDAG\uff1aTelecommunication Development Advisory Group\uff3b\u96fb\u6c17\u901a\u4fe1\u958b\u767a\u8aee\u554f\u59d4\u54e1\u4f1a\uff3d<\/strong><\/span><\/p>\n<p><span style=\"font-size: 18px;\"><strong>Chair<\/strong><\/span><\/p>\n<p style=\"padding-left: 40px;\">Fleur Regina Assoumou Bessou (C\u00f4te d\u2019Ivoire)<\/p>\n<p><span style=\"font-size: 18px;\"><strong>Vice-Chairs<\/strong><\/span><\/p>\n<p style=\"padding-left: 40px;\">Caecilia Nyamutswa (Zimbabwe)<br \/>\nFred Ongaro (Kenya)<br \/>\nAhmed Abd El-Aziz Gad (Egypt)<br \/>\nShahad Albalawi (Saudi Arabia)<br \/>\nAndrea Mamprim Grippa (Brazil)<br \/>\nJordan Brewer (USA)<br \/>\nWang Ke (China)<br \/>\nAhmad R. Sharafat (Iran)<br \/>\nMina Seonmin Jun (Korea)<br \/>\nArseny Plossky (Russia)<br \/>\nAichurok Maralbek Kyzy (Kyrgyz)<br \/>\nEva Minarikova (Czechia)<br \/>\nInga Rimkevi\u010dien\u0117 (Lithuania)<\/p>\n<p>&nbsp;<\/p>\n","protected":false},"excerpt":{"rendered":"(2026\u5e74\uff5e2029\u5e74\u7814\u7a76\u4f1a\u671f) Study Group 1\uff1aUniversal meaningful connectivity for bridging the digital divide\uff3b\u30c7\u30b8\u30bf\u30eb\u683c\u5dee\u89e3\u6d88\u306e\u305f\u3081\u306e [&hellip;]","protected":false},"author":860,"featured_media":0,"parent":233,"menu_order":3,"comment_status":"closed","ping_status":"closed","template":"","meta":{"footnotes":""},"class_list":["post-235","page","type-page","status-publish","hentry"],"_links":{"self":[{"href":"https:\/\/ituaj.jp\/index.php?rest_route=\/wp\/v2\/pages\/235","targetHints":{"allow":["GET"]}}],"collection":[{"href":"https:\/\/ituaj.jp\/index.php?rest_route=\/wp\/v2\/pages"}],"about":[{"href":"https:\/\/ituaj.jp\/index.php?rest_route=\/wp\/v2\/types\/page"}],"author":[{"embeddable":true,"href":"https:\/\/ituaj.jp\/index.php?rest_route=\/wp\/v2\/users\/860"}],"replies":[{"embeddable":true,"href":"https:\/\/ituaj.jp\/index.php?rest_route=%2Fwp%2Fv2%2Fcomments&post=235"}],"version-history":[{"count":24,"href":"https:\/\/ituaj.jp\/index.php?rest_route=\/wp\/v2\/pages\/235\/revisions"}],"predecessor-version":[{"id":42658,"href":"https:\/\/ituaj.jp\/index.php?rest_route=\/wp\/v2\/pages\/235\/revisions\/42658"}],"up":[{"embeddable":true,"href":"https:\/\/ituaj.jp\/index.php?rest_route=\/wp\/v2\/pages\/233"}],"wp:attachment":[{"href":"https:\/\/ituaj.jp\/index.php?rest_route=%2Fwp%2Fv2%2Fmedia&parent=235"}],"curies":[{"name":"wp","href":"https:\/\/api.w.org\/{rel}","templated":true}]}}